D/MotionEngine( 424): [@@@ Motion Engine @@@] GetMotionScenarioId -0.641646 0.450110 9.825804 0.000000 0.000000 0.000000 51 20
I/InputReader( 424): Touch event's action is 0x0 (deviceType=0) [pCnt=1, s=0.2831 ]
I/InputDispatcher( 424): Delivering touch to current input target: action: 0x0
I/InputDispatcher( 424): Delivering touch to current input target: action: 0x0
I/InputDispatcher( 424): Delivering touch to current input target: action: 0x0
I/InputReader( 424): Touch event's action is 0x1 (deviceType=0) [pCnt=1, s=]
I/InputDispatcher( 424): Delivering touch to current input target: action: 0x1
I/InputDispatcher( 424): Delivering touch to current input target: action: 0x1
I/InputDispatcher( 424): Delivering touch to current input target: action: 0x1
I/AudioPolicyManagerBase( 156): getSituationVolume: isBTConnected:0 isHeadConnected:0
V/AudioPolicyManagerBase( 156): getParamFromPolicy deviceInt = 0, situationInt = 1, situationVolume = 0.600000
V/audio_policy.msm7627a( 156): audio_io_handle_t android::ap_get_output(audio_policy*, audio_stream_type_t, uint32_t, audio_format_t, uint32_t, audio_output_flags_t): tid 409
V/AudioPolicyManagerBase( 156): getOutput() stream 1, samplingRate 0, format 0, channelMask 3, flags 0
V/AudioPolicyManagerBase( 156): getOutput() returns output 2
V/audio_policy.msm7627a( 156): audio_io_handle_t android::ap_get_output(audio_policy*, audio_stream_type_t, uint32_t, audio_format_t, uint32_t, audio_output_flags_t): tid 7078
V/AudioPolicyManagerBase( 156): getOutput() stream 1, samplingRate 0, format 0, channelMask 3, flags 0
V/AudioPolicyManagerBase( 156): getOutput() returns output 2
V/audio_policy.msm7627a( 156): audio_io_handle_t android::ap_get_output(audio_policy*, audio_stream_type_t, uint32_t, audio_format_t, uint32_t, audio_output_flags_t): tid 415
V/AudioPolicyManagerBase( 156): getOutput() stream 1, samplingRate 44100, format 1, channelMask 3, flags 4
V/AudioPolicyManagerBase( 156): getOutput() returns output 2
V/AudioPolicyManagerBase( 156): startOutput() output 2, stream 1, session 2247
V/AudioPolicyManagerBase( 156): changeRefCount() stream 1, count 1
V/AudioPolicyManagerBase( 156): getNewDevice() selected device 2
V/AudioPolicyManagerBase( 156): setOutputDevice() output 2 device 0002 force 0 delayMs 0
V/AudioPolicyManagerBase( 156): setOutputDevice() prevDevice 0002
V/AudioPolicyManagerBase( 156): setOutputDevice() setting same device 0002 or null device for output 2
D/BatteryStatsImpl( 424): ++++++xy WakeLock start : pid=156, name=, type=0, tid=20225, pid=424, pName=null
V/AudioPolicyManagerBase( 156): releaseOutput() 2
V/CropImage( 2251): Crop = no, Return = specified uri
V/AudioHardwareMSM8x25_CAD( 156): open driver
V/AudioHardwareMSM8x25_CAD( 156): get config
V/AudioHardwareMSM8x25_CAD( 156): set config
V/AudioHardwareMSM8x25_CAD( 156): buffer_size: 4800
V/AudioHardwareMSM8x25_CAD( 156): buffer_count: 2
V/AudioHardwareMSM8x25_CAD( 156): channel_count: 2
V/AudioHardwareMSM8x25_CAD( 156): sample_rate: 44100
D/BatteryStatsImpl( 424): ++++++xy WakeLock start : pid=424, name=, type=0, tid=434, pid=424, pName=null
V/CropImage( 2251): onPause
D/PowerManagerService( 424): acquireDVFSLockLocked : type : DVFS_MIN_LIMIT frequency : 1008000 uid : 1000 pid : 424 tag : ActivityManager
W/ActivityManager( 424): mDVFSLock.acquire()
D/WindowManager( 424): PhoneWindowManager: focusChangedLw
D/WindowManager( 424): updateReadingMode
D/BatteryStatsImpl( 424): ++++++xy WakeLock start : pid=424, name=, type=0, tid=20224, pid=424, pName=null
V/WindowManager( 424): rotationForOrientationLw(orient=0, last=3); user=0 mLidState=-1 mCoverState=-1 mDockMode=0 mHdmiPlugged=false mAccelerometerDefault=false sensorRotation=-1
I/InputReader( 424): Reconfiguring input devices. changes=0x00000004
I/InputReader( 424): Device reconfigured: id=7, name='sec_touchscreen', surface size is now 480x800, mode is 1
D/WindowManager( 424): mInputFocus is not null.
D/WindowManager( 424): mInputFocus is not null.
D/WindowManager( 424): mInputFocus is not null.
D/WindowManager( 424): mInputFocus is not null.
D/WindowManager( 424): mInputFocus is not null.
V/Camera ( 2115): --onActivityResult--requestCode: 2001
V/Camera ( 2115): --onActivityResult--resultCode: -1
D/WindowManager( 424): mInputFocus is not null.
E/MTPJNIInterface( 1842): In MTPJNIINterface onReceive:com.android.MTP.OBJECT_REMOVED
D/WindowManager( 424): mInputFocus is not null.
D/WindowManager( 424): mInputFocus is not null.
E/MTPPlaObsrvr( 1842): On change is called.false
E/MTPPlaObsrvr( 1842): URI of the playlistcontent://media/external/audio/playlists
E/MTPPlaObsrvr( 1842): Content resolver is not null
W/AlarmManager( 424): FACTORY_ON= 0
D/WindowManager( 424): mInputFocus is not null.
E/MTPPlaObsrvr( 1842): Count0mCount0
E/MTPPlaObsrvr( 1842): Neither deleted nor added. Could be rename
W/AlarmManager( 424): FACTORY_ON= 0
D/WindowManager( 424): mInputFocus is not null.
D/WindowManager( 424): mInputFocus is not null.
V/WindowManager( 424): rotationForOrientationLw(orient=-1, last=1); user=0 mLidState=-1 mCoverState=-1 mDockMode=0 mHdmiPlugged=false mAccelerometerDefault=false sensorRotation=-1
D/WindowManager( 424): mInputFocus is not null.
D/WindowManager( 424): mInputFocus is not null.
D/AudioHardwareMSM8x25_CAD( 156): Enable SRS flags=0xff state= 1
D/CordovaActivity(15560): Incoming Result
D/CordovaActivity(15560): Request code = 34
D/CordovaActivity(15560): We have a callback to send this result to
D/WindowManager( 424): mInputFocus is not null.
D/WindowManager( 424): mInputFocus is not null.
D/WindowManager( 424): mInputFocus is not null.
D/dalvikvm(15560): GC_FOR_ALLOC freed 784K, 39% free 10321K/16839K, paused 19ms, total 21ms
D/AbsListView(15560): [unregisterDoubleTapMotionListener]
I/MotionRecognitionManager(15560): .unregisterListener : / listener count = 0->0,
W/CursorWrapperInner(15560): Cursor finalized without prior close()
D/dalvikvm( 723): GC_FOR_ALLOC freed 2027K, 38% free 9457K/15107K, paused 26ms, total 27ms
D/dalvikvm(15560): WAIT_FOR_CONCURRENT_GC blocked 0ms
D/FileTransfer(15560): upload file:///storage/sdcard0/Android/data/com.moodle.moodlemobile/cache/1402100108923.jpg to http://192.168.1.38/moodle26/webservice/upload.php
D/FileTransfer(15560): fileKey: file
D/FileTransfer(15560): fileName: image_1402100109066.jpg
D/FileTransfer(15560): mimeType: image/jpeg
D/FileTransfer(15560): params: {"token":"9f85ee08f0ca47276e2244248c1f921e"}
D/FileTransfer(15560): trustEveryone: false
D/FileTransfer(15560): chunkedMode: true
D/FileTransfer(15560): headers: null
D/FileTransfer(15560): objectId: 12
D/FileTransfer(15560): httpMethod: POST
V/AudioPolicyManagerBase( 156): stopOutput() output 2, stream 1, session 2247
V/AudioPolicyManagerBase( 156): changeRefCount() stream 1, count 0
V/AudioPolicyManagerBase( 156): getNewDevice() selected device 0
V/AudioPolicyManagerBase( 156): setOutputDevice() output 2 device 0000 force 0 delayMs 108
V/AudioPolicyManagerBase( 156): setOutputDevice() prevDevice 0002
V/AudioPolicyManagerBase( 156): setOutputDevice() setting same device 0000 or null device for output 2
D/FileTransfer(15560): Content Length: 31070
D/dalvikvm(15560): GC_EXPLICIT freed 1753K, 40% free 10129K/16839K, paused 3ms+13ms, total 51ms
E/System (15560): Uncaught exception thrown by finalizer
W/FileTransfer(15560): Error getting HTTP status code from connection.
W/FileTransfer(15560): java.io.EOFException
W/FileTransfer(15560): at com.squareup.okhttp.internal.Util.readAsciiLine(Util.java:314)
W/FileTransfer(15560): at com.squareup.okhttp.internal.http.RawHeaders.fromBytes(RawHeaders.java:301)
W/FileTransfer(15560): at com.squareup.okhttp.internal.http.HttpTransport.readResponseHeaders(HttpTransport.java:130)
W/FileTransfer(15560): at com.squareup.okhttp.internal.http.HttpEngine.readResponse(HttpEngine.java:630)
W/FileTransfer(15560): at com.squareup.okhttp.internal.http.HttpURLConnectionImpl.execute(HttpURLConnectionImpl.java:385)
W/FileTransfer(15560): at com.squareup.okhttp.internal.http.HttpURLConnectionImpl.getResponse(HttpURLConnectionImpl.java:334)
W/FileTransfer(15560): at com.squareup.okhttp.internal.http.HttpURLConnectionImpl.getResponseCode(HttpURLConnectionImpl.java:534)
W/FileTransfer(15560): at org.apache.cordova.filetransfer.FileTransfer.createFileTransferError(FileTransfer.java:580)
W/FileTransfer(15560): at org.apache.cordova.filetransfer.FileTransfer.access$500(FileTransfer.java:66)
W/FileTransfer(15560): at org.apache.cordova.filetransfer.FileTransfer$1.run(FileTransfer.java:480)
W/FileTransfer(15560): at java.util.concurrent.ThreadPoolExecutor.runWorker(ThreadPoolExecutor.java:1076)
W/FileTransfer(15560): at java.util.concurrent.ThreadPoolExecutor$Worker.run(ThreadPoolExecutor.java:569)
W/FileTransfer(15560): at java.lang.Thread.run(Thread.java:856)
E/System (15560): java.io.IOException: close failed: EIO (I/O error)
E/System (15560): at libcore.io.IoUtils.close(IoUtils.java:41)
E/System (15560): at java.io.FileInputStream.close(FileInputStream.java:121)
E/System (15560): at java.io.FileInputStream.finalize(FileInputStream.java:142)
E/System (15560): at java.lang.Daemons$FinalizerDaemon.doFinalize(Daemons.java:186)
E/System (15560): at java.lang.Daemons$FinalizerDaemon.run(Daemons.java:169)
E/System (15560): at java.lang.Thread.run(Thread.java:856)
E/System (15560): Caused by: libcore.io.ErrnoException: close failed: EIO (I/O error)
E/System (15560): at libcore.io.Posix.close(Native Method)
E/System (15560): at libcore.io.BlockGuardOs.close(BlockGuardOs.java:75)
E/System (15560): at libcore.io.IoUtils.close(IoUtils.java:38)
E/System (15560): ... 5 more
W/CursorWrapperInner(15560): Cursor finalized without prior close()
D/Whitelist(15560): Unlimited access to network resources
I/CordovaLog(15560): Found start page location: index.html
I/CordovaLog(15560): Changing log level to DEBUG(3)
D/CordovaActivity(15560): Resuming the App
D/CordovaActivity(15560): CB-3064: The errorUrl is null
D/FirewallPolicy( 424): getURLFilterEnabled(true)
D/FirewallPolicy( 424): isUrlBlocked - Policy disabled
D/WebView (15560): loadUrlImpl: called
D/webcore (15560): CORE loadUrl: called
D/webkit (15560): Firewall not null
D/FirewallPolicy( 424): getURLFilterEnabled(true)
D/CordovaLog(15560): file:///android_asset/www/lib/mm.js: Line 1841 : Sat Jun 07 2014 02:15:09 GMT+0200 (CEST) Upload: Uploading an image to Moodle
I/Web Console(15560): Sat Jun 07 2014 02:15:09 GMT+0200 (CEST) Upload: Uploading an image to Moodle:1841
D/CordovaLog(15560): file:///android_asset/www/lib/mm.js: Line 1841 : Sat Jun 07 2014 02:15:09 GMT+0200 (CEST) Sync: Trying to upload file (84 chars)
I/Web Console(15560): Sat Jun 07 2014 02:15:09 GMT+0200 (CEST) Sync: Trying to upload file (84 chars):1841
D/CordovaLog(15560): file:///android_asset/www/lib/mm.js: Line 1841 : Sat Jun 07 2014 02:15:09 GMT+0200 (CEST) Core: Internet connection checked true
D/FirewallPolicy( 424): isUrlBlocked - Policy disabled
I/Web Console(15560): Sat Jun 07 2014 02:15:09 GMT+0200 (CEST) Core: Internet connection checked true:1841
D/CordovaLog(15560): file:///android_asset/www/lib/mm.js: Line 1841 : Sat Jun 07 2014 02:15:09 GMT+0200 (CEST) Core: Initializing uploader
I/Web Console(15560): Sat Jun 07 2014 02:15:09 GMT+0200 (CEST) Core: Initializing uploader:1841
D/CordovaLog(15560): file:///android_asset/www/lib/mm.js: Line 1841 : Sat Jun 07 2014 02:15:09 GMT+0200 (CEST) Core: Uploading
I/Web Console(15560): Sat Jun 07 2014 02:15:09 GMT+0200 (CEST) Core: Uploading:1841
D/webkit (15560): euler: isUrlBlocked = false
D/FirewallPolicy( 424): getURLFilterEnabled(true)
D/FirewallPolicy( 424): isUrlBlocked - Policy disabled
E/FileTransfer(15560): {"target":"http:\/\/192.168.1.38\/moodle26\/webservice\/upload.php","source":"file:\/\/\/storage\/sdcard0\/Android\/data\/com.moodle.moodlemobile\/cache\/1402100108923.jpg","http_status":0,"code":3}
E/FileTransfer(15560): java.net.SocketException: sendto failed: EPIPE (Broken pipe)
E/FileTransfer(15560): at libcore.io.IoBridge.maybeThrowAfterSendto(IoBridge.java:506)
E/FileTransfer(15560): at libcore.io.IoBridge.sendto(IoBridge.java:475)
E/FileTransfer(15560): at java.net.PlainSocketImpl.write(PlainSocketImpl.java:508)
E/FileTransfer(15560): at java.net.PlainSocketImpl.access$100(PlainSocketImpl.java:46)
E/FileTransfer(15560): at java.net.PlainSocketImpl$PlainSocketOutputStream.write(PlainSocketImpl.java:270)
E/FileTransfer(15560): at java.io.BufferedOutputStream.write(BufferedOutputStream.java:131)
E/FileTransfer(15560): at com.squareup.okhttp.internal.http.HttpTransport$FixedLengthOutputStream.write(HttpTransport.java:228)
E/FileTransfer(15560): at com.squareup.okhttp.internal.FaultRecoveringOutputStream.write(FaultRecoveringOutputStream.java:60)
E/FileTransfer(15560): at org.apache.cordova.filetransfer.FileTransfer$1.run(FileTransfer.java:411)
E/FileTransfer(15560): at java.util.concurrent.ThreadPoolExecutor.runWorker(ThreadPoolExecutor.java:1076)
E/FileTransfer(15560): at java.util.concurrent.ThreadPoolExecutor$Worker.run(ThreadPoolExecutor.java:569)
E/FileTransfer(15560): at java.lang.Thread.run(Thread.java:856)
E/FileTransfer(15560): Caused by: libcore.io.ErrnoException: sendto failed: EPIPE (Broken pipe)
E/FileTransfer(15560): at libcore.io.Posix.sendtoBytes(Native Method)
E/FileTransfer(15560): at libcore.io.Posix.sendto(Posix.java:146)
E/FileTransfer(15560): at libcore.io.BlockGuardOs.sendto(BlockGuardOs.java:177)
E/FileTransfer(15560): at libcore.io.IoBridge.sendto(IoBridge.java:473)
E/FileTransfer(15560): ... 10 more
E/FileTransfer(15560): Failed after uploading 16593 of 31070 bytes.
D/WindowManager( 424): PhoneWindowManager: focusChangedLw
D/WindowManager( 424): updateReadingMode
D/WindowManager( 424): This has baseActivity
V/PhoneStatusBar( 618): setLightsOn(true)
D/STATUSBAR-StatusBarManagerService( 424): setSystemUiVisibility(0x0)
D/STATUSBAR-StatusBarManagerService( 424): manageDisableList what=0x0 pkg=WindowManager.LayoutParams
D/WebView (15560): onSizeChanged - w:800 h:442
W/IInputConnectionWrapper( 2251): showStatusIcon on inactive InputConnection
W/ActivityManager( 424): mDVFSLock.release()
D/BatteryStatsImpl( 424): ++++++xy WakeLock stop : pid=424, name=, type=0, tid=480, pid=424, pName=null
D/CordovaLog(15560): file:///android_asset/www/lib/mm.js: Line 1841 : Sat Jun 07 2014 02:15:09 GMT+0200 (CEST) Core: MM: orientationchange fired, old width old height 508
I/Web Console(15560): Sat Jun 07 2014 02:15:09 GMT+0200 (CEST) Core: MM: orientationchange fired, old width old height 508:1841
V/AlarmManager( 424): waitForAlarm result :1
D/CordovaLog(15560): file:///android_asset/www/lib/mm.js: Line 1841 : Sat Jun 07 2014 02:15:09 GMT+0200 (CEST) Core: MM: orientation change fired, new height 508
I/Web Console(15560): Sat Jun 07 2014 02:15:09 GMT+0200 (CEST) Core: MM: orientation change fired, new height 508:1841
V/AlarmManager( 424): waitForAlarm result :1
V/AlarmManager( 424): waitForAlarm result :1
D/MotionEngine( 424): [@@@ Motion Engine @@@] GetMotionScenarioId -0.651223 0.459687 9.844957 0.000000 0.000000 0.000000 51 20
D/STATUSBAR-NetworkController( 618): refreshSignalCluster: data=-1 bt=false
D/AudioHardwareMSM8x25_CAD( 156): Enable SRS flags=0xff state= 0
D/BatteryStatsImpl( 424): ++++++xy WakeLock stop : pid=156, name=, type=0, tid=1127, pid=424, pName=null
D/BatteryStatsImpl( 424): ++++++xy WakeLock stop : pid=424, name=, type=0, tid=745, pid=424, pName=null
V/WindowManager( 424): rotationForOrientationLw(orient=-1, last=1); user=0 mLidState=-1 mCoverState=-1 mDockMode=0 mHdmiPlugged=false mAccelerometerDefault=false sensorRotation=-1
V/Camera ( 2115): onDestroy
V/MenuDimController( 2115): decreaseReferenceCount: mReferenceCount=0
V/CropImage( 2251): onDestroy
V/MenuResourceDepot( 2115): onDestroy
V/MenuResourceDepot( 2115): clearAllMenus
V/MenuResourceDepot( 2115): clearing...
V/MenuResourceDepot( 2115): clearing...
V/SoundPoolThread( 2115): Got message m=1, mData=0
V/SoundPoolThread( 2115): goodbye
V/SoundPoolThread( 2115): return from quit
V/AudioPolicyManagerBase( 156): releaseOutput() 2
V/SoundPoolThread( 2115): return from quit
I/AudioService( 424): AudioFocus abandonAudioFocus() from 2115
V/SoundPoolThread( 2115): Got message m=1, mData=0
V/SoundPoolThread( 2115): goodbye
V/SoundPoolThread( 2115): return from quit
V/SoundPoolThread( 2115): return from quit
V/AbstractCameraActivity( 2115): onDestroy
I/ONCRPC ( 1147): Setup RPC Call for task 4043fa88
I/ONCRPC ( 1147): oncrpc_xdr_call_msg_start: Prog: 30000071, Ver: 00010001, Proc: 00000002
I/ONCRPC ( 1147): xdr_std_msg_send_call: Sent Xid: 77f0, Prog: 30000071, Ver: 00010001, Proc: 00000002
E/ThermalDaemon( 1147): Sensor 'MSM_THERM' - 43*C (44032)